*j. Determine z(-3).
7
Let f(g) be the first derivative of 3*g**2/2 - 1. Calculate f(-6).
-18
Let u = -6 + 14. Suppose 2*l - 4*l + 4*f = 0, 3*l + 2*f - u = 0. Suppose 4*v - z = -3*z + 16, 3*v - 26 = l*z. Let x(h) = h - 2. What is x(v)?
4
Let t be (-26)/65*(-14 - -2 - -2). Let h(o) = 2*o + 0 + 1 - 7 - o. Calculate h(t).
-2
Suppose 2*a - 9*y + 10*y = 7, y = -4*a + 17. Let d(c) be the third derivative of 5/6*c**3 + 4*c**2 + 0*c + 1/8*c**4 + 1/60*c**a + 0. Determine d(-4).
9
Let l(x) = 3*x**2 - 6*x + 5. Let v(n) = -n + 1. Let m = 0 + 1. Let z(s) = m*l(s) - 5*v(s). What is z(1)?
2
Let y(r) = 0*r + r + 3 - 1 + 0*r. Let f be y(0). Let n(a) = 0*a - 1 + 0*a + f*a**2 + 0*a. Determine n(-2).
7
Let d(b) = -b**3 - b**2 - 1. Let r(y) = -5*y**3 - 8*y**2 + 2*y - 3. Let i(x) = -4*d(x) + r(x). What is i(-4)?
-7
Let k be 0/2 + (3 - 2). Let v(q) = -3*q - 7*q**2 + 4 - 3 + 0 + 8*q**2. Determine v(k).
-1
Let g(m) = 6*m**2 - 5*m + 5. Let i(c) = -7*c**2 + 5*c - 6. Let y(q) = 6*g(q) + 5*i(q). Calculate y(6).
6
Let k(l) be the first derivative of -l**6/120 - l**4/24 + l**2/2 - 7. Let u(n) be the second derivative of k(n). Give u(1).
-2
Let u(a) = -a**2 + 4*a - 6. Let i(b) = -9*b + 33. Let j(v) = -3*v + 11. Let f(o) = 2*i(o) - 7*j(o). Let s be f(5). Give u(s).
-6
Let j = 3 - 5. Let y = -4 + 4. Let o(q) = -1 - q**2 - 3*q - q**3 + y*q**2 - 3*q**2. Determine o(j).
-3
Suppose -a - f = -10, -a - 3*f = -2*a - 6. Suppose 24 = a*s - 2*s. Let u(z) = -z + 4. Determine u(s).
-2
Let a(p) = 10 - 4*p + p**2 - 51 + 20 + 18. Determine a(-2).
9
Let y(d) = 0*d**3 + 3*d - d - 2*d**2 + 3 - 2*d**3. Let g = -37 + 35. Give y(g).
7
Let y(w) = -4*w + 4*w - 4 + 2 + 2*w. Suppose 4 = -3*m - 5*d, -d + 3 = 2*d. Let h = m - -5. Determine y(h).
2
Let v(j) = -j**3 + 7*j**2 - 4*j - 1. Let t = 14 + -8. Calculate v(t).
11
Let j be -2*4/(-8) + 3. Let a(g) = -g - 4. Calculate a(j).
-8
Let u(m) = -2*m + 1. Let y(i) = i**3 - 5*i**2 + 14*i - 6. Let v(w) = -4*u(w) - y(w). Suppose 40 = 5*r - 4*c, 3*r - 2*c - 27 + 5 = 0. What is v(r)?
-6
Suppose -h + 4*h - 6 = 0. Let x(m) = -4 + 0*m - m + h*m - 4. Let b(c) = c + 4. Let n be b(-4). Calculate x(n).
-8
Let n = -45 + 44. Let i(v) = -8*v**2 - 1. Calculate i(n).
-9
Let m(r) = -r**3 + 5*r**2 + 7*r - 5. Suppose -2*b + 5*k + 2 = 0, -5*b + 38 = -2*k + 6*k. Calculate m(b).
1
Let z(h) = h**3 + h - 1. Suppose 0 = 3*f - 5*u + 29, 0 = -f - 3*f - 3*u. Let s(c) = -c**3 + 3*c**2 - 2*c + 3. Let a be s(3). Let b = f - a. Calculate z(b).
-1
Let j(r) be the second derivative of r**3/3 + 6*r. What is j(1)?
2
Let j = 0 - 0. Suppose j = o + 2*o. Let t(x) = 3 + x**3 + x**2 + o*x**3 - x + x - x. Determine t(0).
3
Let x(f) = 9*f**2 + f. Suppose -u + 15 = 3*z, z = -5*u + 2*z - 5. Let a be 0*(-3 + 2) + u. Suppose 3*y - 3 = -a*y. Calculate x(y).
10
Suppose 12 + 13 = -5*t - 4*w, -5*t - 15 = 2*w. Let v(u) = -9*u**2. What is v(t)?
-9
Suppose -p + 18 - 6 = 0. Let z = -8 + p. Suppose -z = -3*g + 2*g - 3*h, 4*h - 7 = -3*g. Let w(c) = 5*c**2 + c - 1. Determine w(g).
5
Let l(c) = 7*c - 1. Suppose 5*w - w - 4 = 0. Determine l(w).
6
Let t(o) be the second derivative of -5*o**3/6 + o**2/2 - 12*o. Let n = 1 + -2. Calculate t(n).
6
Suppose 4*i - 2*h + 28 = -10, 15 = -i - 5*h. Let g = -10 - i. Let j(p) = 4*p**2 + 3*p + 3. Let o(b) = -b**2 - b - 1. Let q(t) = j(t) + 3*o(t). Give q(g).
0
Suppose -2*d - 6 = -5*d. Suppose -5 = d*y + 7. Let v be 6*1*4/y. Let f(x) = 2*x + 4. Determine f(v).
-4
Let y(d) = d**3 + 6*d**2 + 3*d - 5. Let b(i) = -i**3 + 4*i**2 + 6*i + 5. Let f be b(5). Let t be (2 - -1) + -1*18. Let r = f + t. What is y(r)?
5
Let v(x) = -x**2 + x + 3. Suppose 1 + 2 = b. Let n(g) = -g + 2. Let o be n(b). Let i be (1 + o + 0)*1. What is v(i)?
3
Let b(s) = 2*s - 1. Let d(a) = 4*a - 2. Let q(r) = 8*b(r) - 3*d(r). Suppose f = 4 - 2. Suppose 5*l + 6 = -2*m, 2*m + 4*l - f*l = 0. What is q(m)?
6
Suppose 10 = 3*b - 4*a, 2 + 2 = -4*a. Suppose 0 = -f - 7 + b. Let z(y) = y**2 + 6*y - 1. Give z(f).
-6
Let v(s) = s**3 + 3*s**2 - 6*s - 3. Let t = -7 - -3. Determine v(t).
5
Let x(m) be the second derivative of 4*m - m**3 - 3*m**2 - 1/12*m**4 + 0. Give x(-5).
-1
Let l(r) = 10*r**2 + 2*r + 1. Let h = -4 - -10. Let w be (h - (5 - 2)) + -2. Suppose -5*j - w = 4. Determine l(j).
9
Let n be ((-8)/(-6))/(6/9). Let f(j) be the second derivative of -j**4/8 + j**3/3 - j**2/2 + 2*j. Let b(c) be the first derivative of f(c). Give b(n).
-4
Let a(m) = -2*m**2 + m - 2 + m**2 + 0*m**2. Let y(l) = 2*l**2 + 2*l - 2. Let q be y(-2). Suppose q*g - 10 + 6 = 0. Give a(g).
-4
Let z(c) = c**2 - 5*c + 7. Let y = -9 - -5. Let g(k) = -k + 1. Let x be g(y). Calculate z(x).
7
Let l = 3 + -11. Let i be 2/(-8) - 34/l. Let t(w) = -w**3 + 2*w**2 + 6*w - 2. What is t(i)?
-10
Suppose -5*j = -j - 8. Let w(a) = a**j - 2*a**2 + a**3 + 0*a**2. Suppose 2*i - 1 = 3*z - 0*z, 5*z = 3*i - 1. Give w(i).
4
Let v = 4 + -6. Let w be v*(4*-1)/(-8). Let j(l) = -6*l**2 + 3*l - 4. Let s(c) = -4*c**2 + 2*c - 3. Let g(q) = 5*j(q) - 7*s(q). Give g(w).
-2
Let p(v) = -v**3 - 2*v**2 - v + 1. Let y(x) = -4*x + 2. Let m be y(1). Determine p(m).
3
Let o(z) be the first derivative of z**3/3 - 6*z**2 + 8*z - 6. Let d be o(11). Let n(u) = -2*u - 4. What is n(d)?
2
Let a(n) = -5*n - 1. Suppose w - 2*w = 5*t - 35, 0 = -3*w. Let j(p) = -p + 9. Let v be j(t). Calculate a(v).
-11
Let s(x) be the first derivative of x**6/120 + x**5/12 + x**4/8 + x**3/3 - 3*x**2/2 - 3. Let v(c) be the second derivative of s(c). What is v(-4)?
6
Let o(i) be the second derivative of -i**5/20 + i**4/2 - 7*i**3/6 + 3*i**2 + 9*i. Let w be (1*5)/(4 - 3). Calculate o(w).
-4
Let z be -10 - ((-6)/(-3) - -1). Let b = z - -16. Let h(l) = l**3 - 2*l**2 - l. Determine h(b).
6
Let u be (-4)/6 + 10/6. Let i(j) be the first derivative of 2*j**2 - j + 3. Determine i(u).
3
Let k(v) = v - 16. Let q = 4 + -4. What is k(q)?
-16
Suppose -2*u + 0*u + 12 = 0. Suppose 84 = 5*o - u. Let f(g) = -1 + 19*g**2 - o*g**2 - g - 2. Determine f(3).
3
Let o be 1*-3*(-5)/(-15). Let p(s) = -10*s - 1. Determine p(o).
9
Let v(o) = o**2 + 8. Suppose -5*b - y = -6*y + 25, -5*b - 19 = -3*y. Let t be b/8 - 2/(-8). Determine v(t).
8
Let t(f) be the third derivative of -f**2 - 1/24*f**4 - 2/3*f**3 + 0*f + 0. Determine t(-5).
1
Let w(i) = 3 - 2 - i**2 + 3 - 9*i + 3*i. Calculate w(-6).
4
Let u(y) be the first derivative of 3/2*y**2 - 1/2*y**4 + 1 - 1/3*y**3 + y. Suppose -5 = 2*s - 1. What is u(s)?
7
Let r(o) be the third derivative of -o**5/60 + 4*o**3/3 - 4*o**2. Determine r(0).
8
Let d be 2 + (-1 + 2 - -8). Let i(q) = -5*q + 13. Let h(r) = 9*r - 25. Let m(v) = d*i(v) + 6*h(v). What is m(-5)?
-2
Let r(i) = -3*i + 5. Let b(m) = -10*m + 16. Let u(j) = 2*b(j) - 7*r(j). Let w(n) = -n + 4. Let z(l) = -4*u(l) - 3*w(l). Calculate z(-2).
2
Let l(a) = 6*a**2 - 1. Suppose 5*h - i + 6 = -2*i, 0 = h - i. Calculate l(h).
5
Let m(d) = -d**2 + 10*d - 5. Let i be m(9). Suppose i*w + 3*r + 10 = r, 0 = 5*w - r + 2. Let q(y) = -y. Determine q(w).
1
Let u(i) be the first derivative of -i**2 + 2*i + 62. Determine u(-4).
10
Let d(x) be the second derivative of -x**4/12 + x**3/2 + x**2/2 + x. Let g = 6 - 2. What is d(g)?
-3
Let u(b) = b + 2. Let m(w) = 3*w + 2. Let q(j) = m(j) - 5*u(j). Give q(-6).
4
Let w(y) = 2397*y - 2 - 2400*y - 1. Give w(-3).
6
Let o(z) = -z + 2. Let p(g) = g**2 + 7*g + 6. Let u be p(-7). Determine o(u).
-4
Let u(n) = 10*n - 3*n**2 - 2*n**2 - 2*n**2. Suppose -2*d + 3*d = -13. Let c(s) = 15*s**2 - 21*s. Let t(r) = d*u(r) - 6*c(r). Determine t(5).
5
Let g = 9 + -6. Suppose 4*v = -3*z + 24, -2*v + 9 + g = -2*z. Let n(r) = -3*r**2 + 4*r + 15. Let s(f) = f**2 - f - 5. Let m(j) = 3*n(j) + 8*s(j). Give m(v).
-7
Suppose -o - 18 = -4*o + 3*v, -2*o = 2*v + 4. Let m(t) = 10*t - 4*t + o*t**2 + t**2 - 4*t**2. Determine m(5).
5
Let c = -1 - -3. Let l(d) = -d + d**c - 3 + d - d. Let a = -13 + 16. Calculate l(a).
3
Let k(a) be the second derivative of a**5/60 - 5*a**4/24 - a**3/2 - a**2/2 - 2*a. Let c(n) be the first derivative of k(n). Calculate c(3).
-9
Let f be (6/(-12))/(3/(-2)). Let n(w) be the third derivative of 1/6*w**4 + 0 - f*w**3 + 0*w - w**2. What is n(2)?
6
Let k = -1 - 3. Let a(h) be the second derivative of h**5/120 + h**3/2 + h. Let o(g) be the second derivative of a(g). Give o(k).
-4
Suppose -14 = -5*u - 4. Let x(p) = -5*p + 3*p + 0 - u. Let l(w)